{"id":9964,"date":"2020-02-05T19:57:36","date_gmt":"2020-02-05T22:57:36","guid":{"rendered":"https:\/\/jiujitsuminas.com.br\/01\/?page_id=9964"},"modified":"2025-02-06T13:05:45","modified_gmt":"2025-02-06T16:05:45","slug":"noticias-continuadas","status":"publish","type":"page","link":"https:\/\/jiujitsuminas.com.br\/01\/noticias-continuadas","title":{"rendered":"AS SECRETARIAS MUNICIPAIS DE ESPORTES DE MINAS GERAIS ,"},"content":{"rendered":"<h4>\n<img loading=\"lazy\" decoding=\"async\" class=\"wp-image-19633 alignright\" src=\"https:\/\/jiujitsuminas.com.br\/01\/wp-content\/uploads\/2023\/07\/a6dde21dcfc2cf023b5647074e231263-250x131.webp\" alt=\"\" width=\"147\" height=\"77\"><\/h4>\n<h4 style=\"text-align: left;\"><span style=\"color: blue;\">AOS PREETOS E&nbsp; AS&nbsp; <\/span><span style=\"color: blue; font-size: 16px;\">SECRETARIAS&nbsp; DE&nbsp; ESPORTES<\/span><span style=\"color: blue;\"><span>&nbsp;DAS&nbsp; <\/span><\/span><span style=\"color: #0000ff;\">&nbsp;PREFEITURAS&nbsp; <span>MUNICIPAIS&nbsp; &nbsp;DO ESTADO DE MINAS GERAIS <\/span><span>&nbsp; &nbsp;<\/span><\/span><\/h4>\n<p style=\"text-align: left;\"><strong>AOS&nbsp; SENHORES&nbsp; PREEITOS&nbsp; SECRETARIOS&nbsp; &nbsp;DE ESPORTES&nbsp; &nbsp;<\/strong><\/p>\n<p style=\"text-align: left;\"><strong>&nbsp;<span style=\"color: #ff0000;\">A FEDERA\u00c7\u00c3O&nbsp; MINEIRA DE JIU-JITSU ( F.M.J-J)&nbsp; &nbsp; <\/span><\/strong><strong><span style=\"color: #ff0000;\">&nbsp;FAZ&nbsp; &nbsp;UMA&nbsp; APELO.<\/span><\/strong><strong><span style=\"color: #ff0000;\">&nbsp; &nbsp; &nbsp; &nbsp; &nbsp; &nbsp; &nbsp; &nbsp; &nbsp; &nbsp; &nbsp; &nbsp; &nbsp; &nbsp; &nbsp; &nbsp; &nbsp; &nbsp; &nbsp; &nbsp; &nbsp; &nbsp; &nbsp; &nbsp; &nbsp; &nbsp; &nbsp; &nbsp; &nbsp; &nbsp; &nbsp; &nbsp; &nbsp; &nbsp; &nbsp; &nbsp; &nbsp; &nbsp; &nbsp; &nbsp; &nbsp; &nbsp; &nbsp; &nbsp; &nbsp; &nbsp; &nbsp; &nbsp; &nbsp; &nbsp; &nbsp; &nbsp; &nbsp; &nbsp; &nbsp; &nbsp; &nbsp; &nbsp; &nbsp; &nbsp; &nbsp; &nbsp; &nbsp; &nbsp; &nbsp; &nbsp; &nbsp; &nbsp; &nbsp;&nbsp;<\/span><\/strong><\/p>\n<p><strong>A Federa\u00e7\u00e3o Mineira de Jiu-Jitsu ( FM.J-J) \u00e9 uma&nbsp; &nbsp;Entidade Regional de Administra\u00e7\u00e3o de Desporto, representativa&nbsp; &nbsp;do jiu-jitsu no Estado de Minas Gerais,&nbsp; sem fins lucrativos , Estatuto reconhecida pelo MEC e CND, registrada na Secretaria de Estado de Esportes do Estado de Mias Gerais , em&nbsp; atividade ininterrupta desde&nbsp; a sua funda\u00e7\u00e3o em 1976&nbsp; promovendo e realizando o Campeonato Estadual Mineiro de Jiu-Jitsu.&nbsp; \u00c8&nbsp; uma Entidade Esportiva reconhecida como &nbsp; Utilidade P\u00fablica Estadual em &nbsp;Minas&nbsp; Gerais pela Lei N\u00ba&nbsp; 24276\/2023 .<\/strong><\/p>\n<p><strong>O&nbsp; jiu-jitsu&nbsp; integral&nbsp; \u00e9 constitu\u00eddo pela defesa pessoal , atemis&nbsp; (golpes traum\u00e1ticos) e o esportiva ( com kimono&nbsp; e eventualmente com cal\u00e7a\u00f5 padronizado) ,e foi adotado pelo Brasil&nbsp; que&nbsp; &nbsp;criou&nbsp; a extens\u00e3o como esporte &nbsp;competitivo.&nbsp; Permaneceram suas&nbsp; &nbsp;regras&nbsp; r\u00edgidas , a&nbsp; elevada disciplina&nbsp; e o&nbsp; respeito a hierarquia das&nbsp; faixas &#8211; que deve ser&nbsp; obedecida&nbsp; pelos praticantes. &nbsp; Como esporte competitivo&nbsp; se espalhou pelo mundo e agigantou-se.<\/strong><\/p>\n<p><strong>Organizou-se&nbsp; em academias (escolas municipais),&nbsp; criou&nbsp; &nbsp;federa\u00e7\u00f5es&nbsp; estaduais&nbsp;, confedera\u00e7\u00e3o nacional e internacional . Por for\u00e7a de Lei&nbsp;Esportiva cada Estado&nbsp; &nbsp;poder\u00e1 ter&nbsp; somente&nbsp; uma Federa\u00e7\u00e3o&nbsp; oficial e&nbsp; representativa de cada&nbsp; modalidade&nbsp; esportiva&nbsp; atuando&nbsp; no&nbsp; seu territ\u00f3rio. &nbsp;&nbsp; Assim , em 1975&nbsp; surgiu a Federa\u00e7\u00e3o Mineira de Jiu-Jitsu,sigla F.M.J-J, que recebeu as academias&nbsp; &nbsp;sediadas em territ\u00f3rio mineiro, registrando-as, legalizando-as&nbsp; para participar&nbsp;do Campeonato Estadual Mineiro de Jiu-Jitsu.<\/strong><\/p>\n<p><strong>&nbsp;Neste ano de 2024 inicia &nbsp;o&nbsp; seu 50\u00ba campeonato estadual mineiro de jiu-jitsu, &nbsp;para a entregando a&nbsp; 50\u00aa TA\u00c7A MINAS GERAIS DE JIU-JITSU&nbsp; para a equipe federada que&nbsp; conquistar&nbsp; o maior numero de trof\u00e9us de ouro nas &nbsp;etapas oficiais do&nbsp; estadual do ano em curso.<\/strong><\/p>\n<p><strong>APELO AS SECRETAEIAS DE ESPORTES DE MINAS GERAIS<\/strong><\/p>\n<p><strong><em>Por estes motivos,&nbsp; a Federa\u00e7\u00e3o Mineira de Jiu-Jitsu (F.M.J-J) n\u00e3o&nbsp; poderia&nbsp; deixar de solicitar&nbsp; dos titulares&nbsp; &nbsp;das&nbsp; Secretarias &nbsp;de Esportes&nbsp; das&nbsp; Prefeituras Municipais de&nbsp; Minas Gerais, para prestar a ela &nbsp; o valioso e&nbsp; &nbsp;indispens\u00e1vel apoio&nbsp; nesta quest\u00e3o&nbsp; :&nbsp; Sempre que&nbsp; algu\u00e9m, pessoa f\u00edsica ou&nbsp; jur\u00eddica&nbsp; ,&nbsp; solicitar&nbsp; amparo, apoio,&nbsp; verba&nbsp; ou patroc\u00ednio&nbsp;&nbsp;junto a&nbsp; Secretaria de Esporte&nbsp; para&nbsp; realizar&nbsp; um&nbsp; &nbsp;evento&nbsp; de jiu-jitsu no seu&nbsp;&nbsp;munic\u00edpio, POR OBSEQUIO,&nbsp; verificar se&nbsp; a solicitante&nbsp; tem&nbsp; registro na&nbsp; &nbsp;Federa\u00e7\u00e3o Mineira de Jiu-Jitsu e autoriza\u00e7\u00e3o&nbsp; para&nbsp; realizar&nbsp; tal evento. MOTIVOS:&nbsp; um elevado n\u00famero&nbsp; &nbsp;de pessoas f\u00edsicas e jur\u00eddicas&nbsp; est\u00e3o promovendo e realizando eventos&nbsp; de jiu-jitsu, paralelos e clandestinos , sem &nbsp;consultar a Federa\u00e7\u00e3o ,sem validade &nbsp;&nbsp;oficial , e cujo &nbsp;objetivo &nbsp;\u00e9&nbsp; apenas&nbsp; &nbsp;obter lucro&nbsp; pessoal.&nbsp; &nbsp;E&nbsp; esta\u00f5 realmente obtendo!<\/em><\/strong><\/p>\n<p><strong><em>Entretanto,&nbsp; se&nbsp; mesmo assim a Secretaria de <\/em>Esportes &nbsp;decidir&nbsp; conceder &nbsp; este &nbsp;poss\u00edvel apoio&nbsp; e permitir a realiza\u00e7\u00e3o do evento de jiu-jitsu&nbsp; no seu munic\u00edpio em parceria ou patrocinando , na\u00f5 deixem de comunicar a Federa\u00e7a\u00f5,&nbsp; &nbsp; exija que &nbsp;no local&nbsp; haja &nbsp; presen\u00e7a m\u00e9dica enquanto durar o evento. E que os \u00e1rbitros sejam competentes e credenciados&nbsp; ,e n\u00e3o&nbsp;&nbsp;apenas curiosos&nbsp; no assunto. Estes s\u00e3o alguns cuidados que a Federa\u00e7\u00e3o solicita &nbsp;para evento de tal natueza.&nbsp; &#8221; uma precau\u00e7\u00e3o indispens\u00e1vel &nbsp;n\u00e3o prejudica, ao contrario!\u201d.<\/strong><\/p>\n<p>&nbsp;<strong>Somente&nbsp; assim&nbsp; a&nbsp; Federa\u00e7\u00e3o&nbsp; Mineira de Jiu-Jitsu (F.M.J-J ) conseguir\u00e1&nbsp; &nbsp;alguma fiscaliza\u00e7\u00e3o&nbsp; no que esta ocorrendo com esta modalidade esportiva&nbsp; neste t\u00e3o vasto&nbsp; Estado de Minas Gerais ,territ\u00f3rio de atua\u00e7\u00e3o da F.M.J-J .&nbsp;<\/strong><\/p>\n<p><strong>EM CASO DE QUALQUER&nbsp; &nbsp;D\u00daVIDAS OU SUSPEI\u00c7\u00c3O&nbsp; COMUNIQUE-SE COM A FEDERA\u00c7\u00c3O MINEIRA DE JIU-JITSU&nbsp; Fixo-31.3224 8979 .Auxiliares&nbsp; 98385 9592 \/ 98718 6904.<\/strong><strong>&nbsp; &nbsp; &nbsp;<\/strong><strong>&nbsp;e-mail<\/strong><strong> fmjitsu@terra.com,br.&nbsp; &nbsp; &nbsp;<\/strong><\/p>\n<p><strong>&nbsp;A&nbsp; F.M.J-J&nbsp; esta ao dispor&nbsp; para&nbsp; d\u00favidas, &nbsp;esclarecimentos, informa\u00e7\u00f5es&nbsp; do esporte&nbsp; jiu-jitsu&nbsp; em territorio mineiro para&nbsp;<\/strong><strong>&nbsp; &nbsp;as&nbsp; &nbsp;Secretarias Municipais de Esporte&nbsp; no Estado de Minas Gerais, e a quem&nbsp; busc\u00e1-las .&nbsp; &nbsp; &nbsp; &nbsp; &nbsp; &nbsp; &nbsp; &nbsp; &nbsp; &nbsp; &nbsp; &nbsp; &nbsp; &nbsp; &nbsp; &nbsp; &nbsp; &nbsp; &nbsp; &nbsp; &nbsp; &nbsp; &nbsp; &nbsp; &nbsp; &nbsp; &nbsp; &nbsp; &nbsp; &nbsp; &nbsp; &nbsp; &nbsp; &nbsp; &nbsp; &nbsp; &nbsp; &nbsp; &nbsp; &nbsp; &nbsp; &nbsp; &nbsp; &nbsp;Sauda\u00e7\u00f5es e atenciosamente.&nbsp;<\/strong><\/p>\n<p><strong><em>&nbsp; &nbsp; &nbsp; &nbsp; &nbsp; &nbsp; &nbsp; &nbsp; ADAIR&nbsp; ALVES&nbsp; DE ALMEIDA<\/em><\/strong><\/p>\n<p><em><strong>F.M.J-J. -031.3224 8979. Auxiliares 98385 9592 \/ 987186904&nbsp; &nbsp; &nbsp;E-mail&nbsp; &nbsp;&#8221; fmjitsu@terra.com.br&#8221;&nbsp; -Belo Horizonte.&nbsp; Estado de Minas Gerais.<\/strong><\/em><\/p>\n<p>_________________________________________________________________________________<\/p>\n<p><strong>&nbsp;<\/strong><strong>&nbsp;<\/strong><\/p>\n<h3><strong>PARA CONHECIMENTO&nbsp; DAS SECRETARIAS DE ESPORTE&nbsp; EM RELA\u00c7\u00c3O &nbsp;AO&nbsp; FUNCIONAMENTO ESTADUAL&nbsp; OFICILIZADO&nbsp; DO JIU-JITSU&nbsp; &nbsp;NO ESTADO DE MINAS GERAIS<\/strong><\/h3>\n<p><strong>a) &#8211; FEDERA\u00c7\u00c3O&nbsp; ESTADUAL MINEIRA DE JIU-JITSU&nbsp; \u00e9&nbsp; Entidade&nbsp; Esportiva Representiva do Jiu=Jitsu no Estado de Minas Gerais, reconhecida como&nbsp; <\/strong><strong>Utilidade P\u00fablica Estadual sob Lei n\u00ba 242762023 . Em territorio Mineiro&nbsp; a F.M.J esta <\/strong><strong>&nbsp;acima de quaisquer outras&nbsp; entidades esportivas que lidam com o jiu-jitsu..<\/strong><\/p>\n<hr>\n<h4><span style=\"color: #800000;\"><strong>E.T.&nbsp;&nbsp;&nbsp; <em>A FEDERA\u00c7A\u00d5 MINEIRA DE JIU-JITSU COMO ENTIDADE FICIALIZADA EM MINAS GERAIS, PROMOVE E REALIZA TORNEIOS,TA\u00c7AS,CAMPEONATOS E COPAS EM QUALQUER&nbsp; &nbsp;MUNICIPIO MINEIRO&nbsp; , DESDE QUE HAJA PARCERIA COM A<\/em> SECRETARIA MUNICIPALDE&nbsp;&nbsp;&nbsp; DE ESPORTES.<\/strong><\/span><\/h4>\n<p><img decoding=\"async\" class=\"alignleft\" src=\"https:\/\/jiujitsuminas.com.br\/01\/wp-content\/uploads\/2017\/10\/BOLETIM-IFORMATIVO-1.gif\"><\/p>\n<p><strong><em><span style=\"color: #800000;\">A&nbsp; &nbsp;Federa\u00e7\u00e3o Mineira de Jiu-Jitsu&nbsp; penhora seus&nbsp; agradecimentos pela&nbsp; &nbsp;aten\u00e7\u00e3o&nbsp; e&nbsp; &nbsp;apoio &nbsp;a&nbsp; um&nbsp; evento de&nbsp; &nbsp;jiu-jitsu &nbsp;propor<\/span>cionado e que <\/em><\/strong><strong><em>&nbsp;de fato possa levar&nbsp; o&nbsp; &nbsp;entretenimento&nbsp; e o beneficio&nbsp; do esporte jiu-jitsu no seu municipio, especialmente&nbsp; as&nbsp; equipes&nbsp; ,federadas, comprovada pelo alvar\u00e1 da&nbsp; F.M.J-J e v\u00e1lido para o&nbsp; ano em curso. \u00c9 uma seguran\u00e7a para as partes envolvidas.!<\/em><\/strong><\/p>\n<p><strong>A&nbsp; F.M.J-J&nbsp; esta ao dispor&nbsp; para&nbsp; d\u00favidas e informa\u00e7\u00f5es&nbsp; do esporte&nbsp; jiu-Jjitsu&nbsp; &nbsp;as&nbsp; &nbsp;Secretarias Municipais de Esporte&nbsp; no estado de Minas Gerais, e a quem&nbsp; busc\u00e1-las.<\/strong><\/p>\n<p><strong>&nbsp;.&nbsp; &nbsp; &nbsp; &nbsp; &nbsp; &nbsp; &nbsp; &nbsp; &nbsp; &nbsp; &nbsp; &nbsp; &nbsp; &nbsp; &nbsp; &nbsp; &nbsp; &nbsp; &nbsp; &nbsp; &nbsp; &nbsp; &nbsp; &nbsp; &nbsp; &nbsp; &nbsp; &nbsp; &nbsp; &nbsp; &nbsp; &nbsp; &nbsp; &nbsp; &nbsp; &nbsp; &nbsp; &nbsp; &nbsp; &nbsp; &nbsp; &nbsp; &nbsp; &nbsp;Sauda\u00e7\u00f5es e atenciosamente.&nbsp;<\/strong><\/p>\n<p><strong>&nbsp; &nbsp; &nbsp; &nbsp; &nbsp; &nbsp; &nbsp;<em> &nbsp; &nbsp; &nbsp; &nbsp; &nbsp; &nbsp; &nbsp; &nbsp; &nbsp; &nbsp; &nbsp; &nbsp; &nbsp; &nbsp; &nbsp; &nbsp; &nbsp; &nbsp; &nbsp; &nbsp; &nbsp; &nbsp; &nbsp; &nbsp; &nbsp; &nbsp; &nbsp; &nbsp; &nbsp; &nbsp; &nbsp; &nbsp; &nbsp; &nbsp; &nbsp; &nbsp; &nbsp; &nbsp; &nbsp; &nbsp; &nbsp; &nbsp; &nbsp; &nbsp; &nbsp; &nbsp; &nbsp; &nbsp; &nbsp; &nbsp; &nbsp; &nbsp; &nbsp; &nbsp; &nbsp; ADAIR&nbsp; A.&nbsp; DE ALMEIDA&nbsp; &nbsp; &nbsp; <\/em><\/strong><strong>F.M.J-J.&nbsp; &nbsp; &nbsp; &nbsp; &nbsp; &nbsp; &nbsp; &nbsp; &nbsp; &nbsp; &nbsp; &nbsp; &nbsp; &nbsp; &nbsp; &nbsp; &nbsp; &nbsp; &nbsp; &nbsp; &nbsp; &nbsp; &nbsp; &nbsp;031.3224 8979. Auxiliares 98385 9592 \/ 987186904&nbsp; &nbsp; &nbsp;E-mail&nbsp; &nbsp;&#8221; fmjitsu@terra.com.br&#8221;&nbsp; -Belo Horizonte.&nbsp; Estado de Minas Gerais.<\/strong><\/p>\n<p><strong>&nbsp;.&nbsp; &nbsp; &nbsp; &nbsp; &nbsp; &nbsp; &nbsp; &nbsp; &nbsp; &nbsp; &nbsp; &nbsp; &nbsp; &nbsp; &nbsp; &nbsp; &nbsp; &nbsp; &nbsp; &nbsp; &nbsp; &nbsp; &nbsp; &nbsp; &nbsp; &nbsp; &nbsp; &nbsp; &nbsp; &nbsp; &nbsp; &nbsp; &nbsp; &nbsp; &nbsp; &nbsp; &nbsp; &nbsp; &nbsp; &nbsp; &nbsp; &nbsp; <\/strong><\/p>\n<hr>\n<h3 style=\"text-align: center;\"><span style=\"color: #0000ff;\"><strong>&nbsp; FEDERA\u00c7\u00c3O&nbsp; MINEIRA DE JIU-JITSU, RECONHECIDA COMO&nbsp;<\/strong><\/span><br \/>\n<strong><span style=\"color: #000000;\"><span style=\"color: #0000ff;\">ENTIDADE ESPORTIVA&nbsp; DE&nbsp; UTILIDADE P\u00daBLICA&nbsp; ESTADUAL&nbsp; &nbsp;<\/span> &nbsp;<\/span><\/strong><br \/>\n<strong><span style=\"color: #000000;\">&nbsp; &nbsp;<\/span><\/strong><\/h3>\n<h4 style=\"text-align: center;\"><span style=\"color: #ff0000;\"><strong>PARA CONHECIMENTO P\u00daBLICO !<\/strong><\/span><br \/>\n<strong><span style=\"color: #000000;\">A Federa\u00e7\u00e3o Mineira de Jiu -Jitsu . Entidade Regional de Administra\u00e7\u00e3o de Desporto&nbsp; criada em 1975 .Em 12 de janeiro&nbsp; de 1976&nbsp; seu&nbsp; Estatuto&nbsp; foi&nbsp; reconhecido pelo Minist\u00e9rio de Educa\u00e7\u00e3o e Cultura( MEC) e Conselho Nacional de Desportos (CND) isto , gra\u00e7as aos esfor\u00e7os do Mestre&nbsp; Jos\u00e9 Senador Rosa, assessorado pelo Mestre H\u00e9lio Gracie.&nbsp; &nbsp; &nbsp; &nbsp;<\/span><\/strong><\/h4>\n<h4 style=\"text-align: left;\"><strong><span style=\"color: #000000;\">&nbsp; Em 30 de julho de 1979&nbsp; foi considerada Utilidade P\u00fablica&nbsp; Municipal pela&nbsp; Lei&nbsp; n\u00ba&nbsp; 3094 assinada pelo ent\u00e3o Prefeito de Belo Horizonte&nbsp; Mauricio Campos.&nbsp; &nbsp; Em &nbsp; mar\u00e7o de 2023&nbsp; foi confirmada pela Assembleia Legislativa do Estado de Minas Gerais&nbsp; como de&nbsp; Entidade Esportiva Utilidade P\u00fablica&nbsp; Estadual, sob Lei n\u00ba 24276 e devidamente&nbsp; assinada pelo Governador Romeu Zema Neto.&nbsp; &nbsp; &nbsp; &nbsp; &nbsp; &nbsp; &nbsp; &nbsp; &nbsp; &nbsp; &nbsp; &nbsp; &nbsp; &nbsp; &nbsp; &nbsp; &nbsp; &nbsp; &nbsp; &nbsp; &nbsp; &nbsp; &nbsp; &nbsp; &nbsp; &nbsp; &nbsp; &nbsp; &nbsp; &nbsp; &nbsp; &nbsp; &nbsp; &nbsp; Este reconhecimento&nbsp; foi&nbsp; &nbsp;concretizado&nbsp; em virtude&nbsp; do interesse do Deputado Coronel&nbsp; Henrique junto aos seus pares,&nbsp; e do prof\u00edcuo trabalho do Presidente e Mestre Adair Alves de Almeida em prol do Jiu-j\u00edtsu desde&nbsp; o&nbsp; &nbsp;inicio da F.M.J-J em 1975 .<\/span><\/strong><\/h4>\n<hr>\n<h4>&nbsp;<\/h4>\n<h4 style=\"text-align: left;\"><strong><span style=\"color: #000000;\">&nbsp;<\/span><\/strong><\/h4>\n<h3>O KIMONO&nbsp; CORRETO E NAS CORES PERMTIDAS&nbsp; PARA COMPETI\u00c7A\u00d5 OFCIALIZADA.<\/h3>\n<p><img loading=\"lazy\" decoding=\"async\" class=\"\" src=\"https:\/\/jiujitsuminas.com.br\/01\/wp-content\/uploads\/2017\/10\/kimono.jpg\" width=\"838\" height=\"589\"><\/p>\n<p>&nbsp;<\/p>\n<h4>Escudos&nbsp; corretas&nbsp; sempre na frente no lado esquerdo. Somente o kimono da equipes&nbsp; \u00e9 tolerado nas costa:&nbsp; &nbsp; &nbsp; &nbsp; &nbsp; &nbsp; &nbsp; &nbsp; &nbsp; &nbsp; &nbsp; &nbsp; &nbsp; &nbsp; &nbsp; &nbsp; &nbsp; &nbsp; &nbsp; &nbsp; &nbsp; &nbsp; &nbsp; &nbsp; &nbsp; &nbsp; &nbsp; &nbsp; &nbsp; &nbsp; &nbsp; &nbsp; &nbsp; &nbsp; &nbsp; &nbsp; &nbsp; &nbsp; &nbsp; &nbsp; O escudo escudo da Federa\u00e7\u00e3o no lado esquerdo&nbsp; a 5 cent\u00edmetros da linha do ombro .&nbsp; &nbsp;O escudo da Equipe fica tamb\u00e9m a esquerda&nbsp; e abaixo do escudo da Federa\u00e7\u00e3o (veja&nbsp; na gravura dos kimono ).&nbsp; &nbsp; &nbsp;Na faixa amarrada a tarja vermelha fica virada&nbsp; para o lado esquerdo do corpo. Outros escudos ou propaganda n\u00e3o s\u00e3o tolerados na parte superior, especialmente no&nbsp; lado esquerdo .<\/h4>\n<p>&nbsp;<\/p>\n<h3>&nbsp;<\/h3>\n<h3><img loading=\"lazy\" decoding=\"async\" class=\"alignnone wp-image-15778\" style=\"font-size: 16px;\" src=\"https:\/\/jiujitsuminas.com.br\/01\/wp-content\/uploads\/2021\/11\/NOVO-LOGO-GOVERNO-DE-MINAS-300x166.jpg\" alt=\"\" width=\"132\" height=\"73\" srcset=\"https:\/\/jiujitsuminas.com.br\/01\/wp-content\/uploads\/2021\/11\/NOVO-LOGO-GOVERNO-DE-MINAS-300x166.jpg 300w, https:\/\/jiujitsuminas.com.br\/01\/wp-content\/uploads\/2021\/11\/NOVO-LOGO-GOVERNO-DE-MINAS-150x83.jpg 150w, https:\/\/jiujitsuminas.com.br\/01\/wp-content\/uploads\/2021\/11\/NOVO-LOGO-GOVERNO-DE-MINAS.jpg 349w\" sizes=\"auto, (max-width: 132px) 100vw, 132px\" \/><\/h3>\n<h5><span style=\"color: #0000ff;\"><strong>_________________________________________________________________________<\/strong><\/span><\/h5>\n<h4 style=\"text-align: left;\"><strong>Atendimento:<\/strong> <span style=\"color: #0000ff;\">Avenida Amazonas, 885, 3\u00ba andar, sala 348, Centro-<\/span><br \/>\nBH|MG <span style=\"color: #0000ff;\">CEP 30180.000. Tel.fixo 31.3224 8979<\/span><br \/>\n<strong style=\"font-size: 16px;\">Site<\/strong><strong style=\"font-size: 16px;\">: <\/strong><a style=\"font-size: 16px;\" href=\"http:\/\/www.jiujitsuminas.com.br\">www.jiujitsuminas.com.br<\/a><br \/>\n<strong style=\"font-size: 16px;\">E-mail:<\/strong><span style=\"color: #0000ff;\">&nbsp; fmitsu@terra.com. br;&nbsp; &nbsp;<\/span>&nbsp;<strong style=\"font-size: 16px;\">WhastApp:<\/strong><span style=\"font-size: 16px; color: #0000ff;\">&nbsp;(31) 987186904&nbsp; , (31) 983859592<\/span><\/h4>\n<h3 style=\"text-align: center;\"><strong><span style=\"color: #0000ff;\">&nbsp; <\/span><\/strong><\/h3>\n","protected":false},"excerpt":{"rendered":"<div class=\"mh-excerpt\"><p>AOS PREETOS E&nbsp; AS&nbsp; SECRETARIAS&nbsp; DE&nbsp; ESPORTES&nbsp;DAS&nbsp; &nbsp;PREFEITURAS&nbsp; MUNICIPAIS&nbsp; &nbsp;DO ESTADO DE MINAS GERAIS &nbsp; &nbsp; AOS&nbsp; SENHORES&nbsp; PREEITOS&nbsp; SECRETARIOS&nbsp; &nbsp;DE ESPORTES&nbsp; &nbsp; &nbsp;A FEDERA\u00c7\u00c3O&nbsp; <a class=\"mh-excerpt-more\" href=\"https:\/\/jiujitsuminas.com.br\/01\/noticias-continuadas\" title=\"AS SECRETARIAS MUNICIPAIS DE ESPORTES DE MINAS GERAIS ,\">[&#8230;]<\/a><\/p>\n<\/div>","protected":false},"author":1,"featured_media":0,"parent":0,"menu_order":0,"comment_status":"closed","ping_status":"closed","template":"template-full.php","meta":{"ngg_post_thumbnail":0,"footnotes":""},"class_list":["post-9964","page","type-page","status-publish","hentry"],"_links":{"self":[{"href":"https:\/\/jiujitsuminas.com.br\/01\/wp-json\/wp\/v2\/pages\/9964","targetHints":{"allow":["GET"]}}],"collection":[{"href":"https:\/\/jiujitsuminas.com.br\/01\/wp-json\/wp\/v2\/pages"}],"about":[{"href":"https:\/\/jiujitsuminas.com.br\/01\/wp-json\/wp\/v2\/types\/page"}],"author":[{"embeddable":true,"href":"https:\/\/jiujitsuminas.com.br\/01\/wp-json\/wp\/v2\/users\/1"}],"replies":[{"embeddable":true,"href":"https:\/\/jiujitsuminas.com.br\/01\/wp-json\/wp\/v2\/comments?post=9964"}],"version-history":[{"count":238,"href":"https:\/\/jiujitsuminas.com.br\/01\/wp-json\/wp\/v2\/pages\/9964\/revisions"}],"predecessor-version":[{"id":23104,"href":"https:\/\/jiujitsuminas.com.br\/01\/wp-json\/wp\/v2\/pages\/9964\/revisions\/23104"}],"wp:attachment":[{"href":"https:\/\/jiujitsuminas.com.br\/01\/wp-json\/wp\/v2\/media?parent=9964"}],"curies":[{"name":"wp","href":"https:\/\/api.w.org\/{rel}","templated":true}]}}