{"id":19421,"date":"2023-06-16T16:35:51","date_gmt":"2023-06-16T19:35:51","guid":{"rendered":"https:\/\/jiujitsuminas.com.br\/01\/?page_id=19421"},"modified":"2024-02-02T11:52:22","modified_gmt":"2024-02-02T14:52:22","slug":"documentos-maiores-abonadores-da-f-m-j-j","status":"publish","type":"page","link":"https:\/\/jiujitsuminas.com.br\/01\/documentos-maiores-abonadores-da-f-m-j-j","title":{"rendered":"DOCUMENTOS MAIORES- Abonadores da F.M.J-J"},"content":{"rendered":"<h3 style=\"text-align: center;\"><span style=\"color: #000000;\"><strong>OS DOCUMENTOS&nbsp; MAIORES,&nbsp; OS&nbsp; ABONADORES&nbsp; DA FEDERA\u00c7\u00c3O&nbsp; MINEIRA&nbsp; DE JIU-JITSU NA SUA JORNADA DESDE 1976.<\/strong><\/span><\/h3>\n<p>&nbsp;<\/p>\n<p><span style=\"color: #000000;\"><strong><img loading=\"lazy\" decoding=\"async\" class=\"wp-image-19154 alignleft\" src=\"https:\/\/jiujitsuminas.com.br\/01\/wp-content\/uploads\/2023\/05\/a6dde21dcfc2cf023b5647074e231263-300x157.webp\" alt=\"\" width=\"237\" height=\"124\" srcset=\"https:\/\/jiujitsuminas.com.br\/01\/wp-content\/uploads\/2023\/05\/a6dde21dcfc2cf023b5647074e231263-300x157.webp 300w, https:\/\/jiujitsuminas.com.br\/01\/wp-content\/uploads\/2023\/05\/a6dde21dcfc2cf023b5647074e231263-150x78.webp 150w, https:\/\/jiujitsuminas.com.br\/01\/wp-content\/uploads\/2023\/05\/a6dde21dcfc2cf023b5647074e231263-768x401.webp 768w, https:\/\/jiujitsuminas.com.br\/01\/wp-content\/uploads\/2023\/05\/a6dde21dcfc2cf023b5647074e231263.webp 785w\" sizes=\"auto, (max-width: 237px) 100vw, 237px\" \/><\/strong><\/span><\/p>\n<p><img loading=\"lazy\" decoding=\"async\" class=\"wp-image-19155 alignright\" src=\"https:\/\/jiujitsuminas.com.br\/01\/wp-content\/uploads\/2023\/05\/FMJJ-300x196.jpg\" alt=\"\" width=\"202\" height=\"132\" srcset=\"https:\/\/jiujitsuminas.com.br\/01\/wp-content\/uploads\/2023\/05\/FMJJ-300x196.jpg 300w, https:\/\/jiujitsuminas.com.br\/01\/wp-content\/uploads\/2023\/05\/FMJJ-1024x669.jpg 1024w, https:\/\/jiujitsuminas.com.br\/01\/wp-content\/uploads\/2023\/05\/FMJJ-150x98.jpg 150w, https:\/\/jiujitsuminas.com.br\/01\/wp-content\/uploads\/2023\/05\/FMJJ-768x502.jpg 768w, https:\/\/jiujitsuminas.com.br\/01\/wp-content\/uploads\/2023\/05\/FMJJ.jpg 1200w\" sizes=\"auto, (max-width: 202px) 100vw, 202px\" \/><\/p>\n<p>&nbsp;<\/p>\n<p><span style=\"color: #ff0000;\"><strong>UTILIDADE&nbsp; P\u00daBLICA ESTADUAL . LEI N\u00ba 24276<\/strong><\/span><\/p>\n<p>&nbsp;<\/p>\n<p>&nbsp;<\/p>\n<p><a href=\"https:\/\/jiujitsuminas.com.br\/01\/wp-content\/uploads\/2023\/06\/LEI-FMJJ.jpg\"><img loading=\"lazy\" decoding=\"async\" class=\"alignnone wp-image-19344 size-full\" src=\"https:\/\/jiujitsuminas.com.br\/01\/wp-content\/uploads\/2023\/06\/LEI-FMJJ.jpg\" alt=\"\" width=\"940\" height=\"641\"><\/a><a href=\"https:\/\/jiujitsuminas.com.br\/01\/wp-content\/uploads\/2023\/06\/ABC-1.jpg\"><img loading=\"lazy\" decoding=\"async\" class=\"alignright wp-image-19430 size-full\" src=\"https:\/\/jiujitsuminas.com.br\/01\/wp-content\/uploads\/2023\/06\/ABC-1.jpg\" alt=\"\" width=\"549\" height=\"773\"><\/a><\/p>\n<p>L<strong>EI&nbsp; 24.276&nbsp; &nbsp; UTILIDADE PUBLICA ESTADUAL.<\/strong><\/p>\n<h5><strong>O Deputado Estadual do Cel. Henrique&nbsp; (2035-2023) foi o&nbsp; que&nbsp; defendeu&nbsp; &nbsp; &nbsp; &nbsp; &nbsp; &nbsp; &nbsp; &nbsp; &nbsp; &nbsp; &nbsp; &nbsp; &nbsp; &nbsp; &nbsp; &nbsp; &nbsp; &nbsp; &nbsp; &nbsp; &nbsp; &nbsp; &nbsp; &nbsp; &nbsp; a causa&nbsp; at\u00e9&nbsp; conseguir que F.M.J-J se torna-se&nbsp; uma&nbsp; &nbsp; Entidade <\/strong><b>de Utilidade P\u00fablica ,&nbsp; &nbsp; &nbsp; &nbsp; &nbsp; &nbsp; &nbsp; &nbsp; &nbsp; &nbsp; &nbsp; &nbsp; &nbsp; &nbsp; &nbsp; &nbsp; &nbsp; &nbsp; &nbsp; &nbsp; &nbsp; &nbsp; &nbsp; &nbsp; &nbsp; &nbsp; &nbsp; &nbsp; &nbsp; &nbsp; &nbsp; &nbsp; &nbsp; &nbsp; &nbsp; &nbsp; &nbsp; &nbsp; &nbsp; &nbsp; &nbsp; &nbsp; &nbsp; &nbsp; &nbsp; &nbsp; &nbsp; &nbsp; sob a Lei<\/b><strong> 24.276\/2023&nbsp; &nbsp; &nbsp; &nbsp; &nbsp; &nbsp; &nbsp; &nbsp; &nbsp; &nbsp; &nbsp; &nbsp; &nbsp; &nbsp; &nbsp; &nbsp; &nbsp; &nbsp; &nbsp; &nbsp; &nbsp; &nbsp; &nbsp; &nbsp; &nbsp; &nbsp; &nbsp; &nbsp; &nbsp; &nbsp; &nbsp; &nbsp; &nbsp; &nbsp; &nbsp; &nbsp; &nbsp; &nbsp; &nbsp; &nbsp; &nbsp; &nbsp;<\/strong><\/h5>\n<h4 style=\"text-align: left;\"><strong><span style=\"color: #0000ff;\">&nbsp; RECOHECIMENTOS.&nbsp; &nbsp; &nbsp;ACRESCENTAR&nbsp; AQUI:<\/span><\/strong><\/h4>\n<h3 style=\"text-align: left;\"><strong><span style=\"color: #0000ff;\"><span style=\"color: #000000;\">Em 1975&nbsp; &nbsp;o <\/span><\/span>Minist\u00e9rio da Educa\u00e7\u00e3o e Cultura MEC) e o Conselho Nacional&nbsp; de&nbsp; Desportos (CND)&nbsp; &nbsp;reconhecem&nbsp; o&nbsp; Estatuto da Federa\u00e7\u00e3o Mineira&nbsp; de&nbsp; Jiu-Jitsu&nbsp; (F.M.J-J);&nbsp; &nbsp;<\/strong><\/h3>\n<h3 style=\"text-align: left;\"><strong>Em&nbsp; Julho de 1979&nbsp; a&nbsp; &nbsp;<span style=\"font-size: 16px;\"> C\u00e2mara&nbsp; Municipal de Belo Horizonte ,reconhece a Federa\u00e7a\u00f5 Mineira de Jiu-Jitsu- F.M.J-J como Entidade P\u00fablica |Municipal sob Lei 3094,e assinada pelo ent\u00e3o Prefeito Mauricio Campos ;&nbsp; <\/span><\/strong><\/h3>\n<h3 style=\"text-align: left;\"><strong>Em 23 de Mar\u00e7o&nbsp; de 2023 a Assembleia Legislativa do Estado de&nbsp; Minas Gerais&nbsp; &nbsp;reconhece a &nbsp;Federa\u00e7\u00e3o Mineira&nbsp; &nbsp;de&nbsp; Jiu-Jitsu(F. M.J-J )&nbsp; &nbsp;como&nbsp; -Entidade de Utilidade P\u00fablica&nbsp; Estadual sob Lei n\u00ba&nbsp; 24.276 e3094, e&nbsp; assinada pelo Governador Raul Zema Neto.&nbsp;&nbsp;<\/strong><\/h3>\n<hr>\n<h4>&nbsp;<\/h4>\n<p>&nbsp;<\/p>\n<p>&nbsp;<\/p>\n<p>&nbsp;<\/p>\n","protected":false},"excerpt":{"rendered":"<div class=\"mh-excerpt\"><p>OS DOCUMENTOS&nbsp; MAIORES,&nbsp; OS&nbsp; ABONADORES&nbsp; DA FEDERA\u00c7\u00c3O&nbsp; MINEIRA&nbsp; DE JIU-JITSU NA SUA JORNADA DESDE 1976. &nbsp; &nbsp; UTILIDADE&nbsp; P\u00daBLICA ESTADUAL . LEI N\u00ba 24276 &nbsp; <a class=\"mh-excerpt-more\" href=\"https:\/\/jiujitsuminas.com.br\/01\/documentos-maiores-abonadores-da-f-m-j-j\" title=\"DOCUMENTOS MAIORES- Abonadores da F.M.J-J\">[&#8230;]<\/a><\/p>\n<\/div>","protected":false},"author":3,"featured_media":0,"parent":0,"menu_order":0,"comment_status":"closed","ping_status":"closed","template":"","meta":{"ngg_post_thumbnail":0,"footnotes":""},"class_list":["post-19421","page","type-page","status-publish","hentry"],"_links":{"self":[{"href":"https:\/\/jiujitsuminas.com.br\/01\/wp-json\/wp\/v2\/pages\/19421","targetHints":{"allow":["GET"]}}],"collection":[{"href":"https:\/\/jiujitsuminas.com.br\/01\/wp-json\/wp\/v2\/pages"}],"about":[{"href":"https:\/\/jiujitsuminas.com.br\/01\/wp-json\/wp\/v2\/types\/page"}],"author":[{"embeddable":true,"href":"https:\/\/jiujitsuminas.com.br\/01\/wp-json\/wp\/v2\/users\/3"}],"replies":[{"embeddable":true,"href":"https:\/\/jiujitsuminas.com.br\/01\/wp-json\/wp\/v2\/comments?post=19421"}],"version-history":[{"count":17,"href":"https:\/\/jiujitsuminas.com.br\/01\/wp-json\/wp\/v2\/pages\/19421\/revisions"}],"predecessor-version":[{"id":19424,"href":"https:\/\/jiujitsuminas.com.br\/01\/wp-json\/wp\/v2\/pages\/19421\/revisions\/19424"}],"wp:attachment":[{"href":"https:\/\/jiujitsuminas.com.br\/01\/wp-json\/wp\/v2\/media?parent=19421"}],"curies":[{"name":"wp","href":"https:\/\/api.w.org\/{rel}","templated":true}]}}

<h3 style="text-align: center;"><span style="color: #000000;"><strong>OS DOCUMENTOS&nbsp; MAIORES,&nbsp; OS&nbsp; ABONADORES&nbsp; DA FEDERAÇÃO&nbsp; MINEIRA&nbsp; DE JIU-JITSU NA SUA JORNADA DESDE 1976.</strong></span></h3>
<p>&nbsp;</p>
<p><span style="color: #000000;"><strong><img loading="lazy" decoding="async" class="wp-image-19154 alignleft" src="https://jiujitsuminas.com.br/01/wp-content/uploads/2023/05/a6dde21dcfc2cf023b5647074e231263-300x157.webp" alt="" width="237" height="124" srcset="https://jiujitsuminas.com.br/01/wp-content/uploads/2023/05/a6dde21dcfc2cf023b5647074e231263-300x157.webp 300w, https://jiujitsuminas.com.br/01/wp-content/uploads/2023/05/a6dde21dcfc2cf023b5647074e231263-150x78.webp 150w, https://jiujitsuminas.com.br/01/wp-content/uploads/2023/05/a6dde21dcfc2cf023b5647074e231263-768x401.webp 768w, https://jiujitsuminas.com.br/01/wp-content/uploads/2023/05/a6dde21dcfc2cf023b5647074e231263.webp 785w" sizes="auto, (max-width: 237px) 100vw, 237px" /></strong></span></p>
<p><img loading="lazy" decoding="async" class="wp-image-19155 alignright" src="https://jiujitsuminas.com.br/01/wp-content/uploads/2023/05/FMJJ-300x196.jpg" alt="" width="202" height="132" srcset="https://jiujitsuminas.com.br/01/wp-content/uploads/2023/05/FMJJ-300x196.jpg 300w, https://jiujitsuminas.com.br/01/wp-content/uploads/2023/05/FMJJ-1024x669.jpg 1024w, https://jiujitsuminas.com.br/01/wp-content/uploads/2023/05/FMJJ-150x98.jpg 150w, https://jiujitsuminas.com.br/01/wp-content/uploads/2023/05/FMJJ-768x502.jpg 768w, https://jiujitsuminas.com.br/01/wp-content/uploads/2023/05/FMJJ.jpg 1200w" sizes="auto, (max-width: 202px) 100vw, 202px" /></p>
<p>&nbsp;</p>
<p><span style="color: #ff0000;"><strong>UTILIDADE&nbsp; PÚBLICA ESTADUAL . LEI Nº 24276</strong></span></p>
<p>&nbsp;</p>
<p>&nbsp;</p>
<p><a href="https://jiujitsuminas.com.br/01/wp-content/uploads/2023/06/LEI-FMJJ.jpg"><img loading="lazy" decoding="async" class="alignnone wp-image-19344 size-full" src="https://jiujitsuminas.com.br/01/wp-content/uploads/2023/06/LEI-FMJJ.jpg" alt="" width="940" height="641"></a><a href="https://jiujitsuminas.com.br/01/wp-content/uploads/2023/06/ABC-1.jpg"><img loading="lazy" decoding="async" class="alignright wp-image-19430 size-full" src="https://jiujitsuminas.com.br/01/wp-content/uploads/2023/06/ABC-1.jpg" alt="" width="549" height="773"></a></p>
<p>L<strong>EI&nbsp; 24.276&nbsp; &nbsp; UTILIDADE PUBLICA ESTADUAL.</strong></p>
<h5><strong>O Deputado Estadual do Cel. Henrique&nbsp; (2035-2023) foi o&nbsp; que&nbsp; defendeu&nbsp; &nbsp; &nbsp; &nbsp; &nbsp; &nbsp; &nbsp; &nbsp; &nbsp; &nbsp; &nbsp; &nbsp; &nbsp; &nbsp; &nbsp; &nbsp; &nbsp; &nbsp; &nbsp; &nbsp; &nbsp; &nbsp; &nbsp; &nbsp; &nbsp; a causa&nbsp; até&nbsp; conseguir que F.M.J-J se torna-se&nbsp; uma&nbsp; &nbsp; Entidade </strong><b>de Utilidade Pública ,&nbsp; &nbsp; &nbsp; &nbsp; &nbsp; &nbsp; &nbsp; &nbsp; &nbsp; &nbsp; &nbsp; &nbsp; &nbsp; &nbsp; &nbsp; &nbsp; &nbsp; &nbsp; &nbsp; &nbsp; &nbsp; &nbsp; &nbsp; &nbsp; &nbsp; &nbsp; &nbsp; &nbsp; &nbsp; &nbsp; &nbsp; &nbsp; &nbsp; &nbsp; &nbsp; &nbsp; &nbsp; &nbsp; &nbsp; &nbsp; &nbsp; &nbsp; &nbsp; &nbsp; &nbsp; &nbsp; &nbsp; &nbsp; sob a Lei</b><strong> 24.276/2023&nbsp; &nbsp; &nbsp; &nbsp; &nbsp; &nbsp; &nbsp; &nbsp; &nbsp; &nbsp; &nbsp; &nbsp; &nbsp; &nbsp; &nbsp; &nbsp; &nbsp; &nbsp; &nbsp; &nbsp; &nbsp; &nbsp; &nbsp; &nbsp; &nbsp; &nbsp; &nbsp; &nbsp; &nbsp; &nbsp; &nbsp; &nbsp; &nbsp; &nbsp; &nbsp; &nbsp; &nbsp; &nbsp; &nbsp; &nbsp; &nbsp; &nbsp;</strong></h5>
<h4 style="text-align: left;"><strong><span style="color: #0000ff;">&nbsp; RECOHECIMENTOS.&nbsp; &nbsp; &nbsp;ACRESCENTAR&nbsp; AQUI:</span></strong></h4>
<h3 style="text-align: left;"><strong><span style="color: #0000ff;"><span style="color: #000000;">Em 1975&nbsp; &nbsp;o </span></span>Ministério da Educação e Cultura MEC) e o Conselho Nacional&nbsp; de&nbsp; Desportos (CND)&nbsp; &nbsp;reconhecem&nbsp; o&nbsp; Estatuto da Federação Mineira&nbsp; de&nbsp; Jiu-Jitsu&nbsp; (F.M.J-J);&nbsp; &nbsp;</strong></h3>
<h3 style="text-align: left;"><strong>Em&nbsp; Julho de 1979&nbsp; a&nbsp; &nbsp;<span style="font-size: 16px;"> Câmara&nbsp; Municipal de Belo Horizonte ,reconhece a Federaçaõ Mineira de Jiu-Jitsu- F.M.J-J como Entidade Pública |Municipal sob Lei 3094,e assinada pelo então Prefeito Mauricio Campos ;&nbsp; </span></strong></h3>
<h3 style="text-align: left;"><strong>Em 23 de Março&nbsp; de 2023 a Assembleia Legislativa do Estado de&nbsp; Minas Gerais&nbsp; &nbsp;reconhece a &nbsp;Federação Mineira&nbsp; &nbsp;de&nbsp; Jiu-Jitsu(F. M.J-J )&nbsp; &nbsp;como&nbsp; -Entidade de Utilidade Pública&nbsp; Estadual sob Lei nº&nbsp; 24.276 e3094, e&nbsp; assinada pelo Governador Raul Zema Neto.&nbsp;&nbsp;</strong></h3>
<hr>
<h4>&nbsp;</h4>
<p>&nbsp;</p>
<p>&nbsp;</p>
<p>&nbsp;</p>

<div class="mh-excerpt"><p>OS DOCUMENTOS&nbsp; MAIORES,&nbsp; OS&nbsp; ABONADORES&nbsp; DA FEDERAÇÃO&nbsp; MINEIRA&nbsp; DE JIU-JITSU NA SUA JORNADA DESDE 1976. &nbsp; &nbsp; UTILIDADE&nbsp; PÚBLICA ESTADUAL . LEI Nº 24276 &nbsp; <a class="mh-excerpt-more" href="https://jiujitsuminas.com.br/01/documentos-maiores-abonadores-da-f-m-j-j" title="DOCUMENTOS MAIORES- Abonadores da F.M.J-J">[&#8230;]</a></p>
</div>
