{"id":12907,"date":"2020-12-16T19:26:22","date_gmt":"2020-12-16T22:26:22","guid":{"rendered":"https:\/\/jiujitsuminas.com.br\/01\/?page_id=12907"},"modified":"2025-04-14T14:15:11","modified_gmt":"2025-04-14T17:15:11","slug":"taxas-da-federacao-f-m-j-j","status":"publish","type":"page","link":"https:\/\/jiujitsuminas.com.br\/01\/taxas-da-federacao-f-m-j-j","title":{"rendered":"TAXAS DA FEDERA\u00c7\u00c3O ( F.M.J-J)"},"content":{"rendered":"<header class=\"entry-header\">\n<h1 class=\"entry-title page-title\">\u2013 Taxas Federa\u00e7\u00e3o ( F.M.J-J) 2023<\/h1>\n<\/header>\n<div class=\"entry-content clearfix\">\n<p><img loading=\"lazy\" decoding=\"async\" class=\" wp-image-105 alignleft\" src=\"https:\/\/jiujitsuminas.com.br\/01\/wp-content\/uploads\/2017\/10\/icon.jpg\" alt=\"\" width=\"124\" height=\"78\"><\/p>\n<h5>&nbsp;<\/h5>\n<h3><strong><span style=\"color: #0000ff;\">FEDERA\u00c7\u00c3O MINEIRA DE JIU-JITSU &nbsp;(&nbsp;<\/span><em><span style=\"color: #0000ff;\">F.M.J-J.)<\/span><\/em><\/strong><\/h3>\n<h5 style=\"text-align: left;\">Entidade&nbsp; Regional de Administra\u00e7\u00e3o de Desporto. Reconhecida pelo Minist\u00e9rio da Educa\u00e7\u00e3o e Cultura( MEC) e CND em 1976. Registros: Secretarias de Estado de Esportes, de Infraestrutura e Mobilidade (SEINFRA), de A\u00e7\u00e3o Social(SEDESE), e&nbsp; Municipal de Esporte e Lazer de&nbsp; Belo Horizonte. <strong>Utilidade&nbsp;<\/strong>P\u00fablica Estadual sob Lei n\u00ba&nbsp; 24276\/2023.<\/h5>\n<\/div>\n<p>&nbsp;<\/p>\n<div class=\"entry-content clearfix\">\n<h2 style=\"text-align: center;\"><a href=\"https:\/\/jiujitsuminas.com.br\/01\/taxas-da-federacao-f-m-j-j\/taxas-da-fmjj-2025\" target=\"_blank\" rel=\"attachment noopener wp-att-23265\">TAXAS DA FMJJ 2025<\/a><\/h2>\n<p style=\"text-align: center;\"><span style=\"color: #ff0000;\">CLIQUE ACIMA !<\/span><\/p>\n<\/div>\n<p>&nbsp;<\/p>\n<p>&nbsp;<\/p>\n<p>&nbsp;<\/p>\n<div class=\"entry-content clearfix\">\n<h4 style=\"text-align: left;\"><span style=\"color: #ff0000;\">Asteriscos: * (ver abaixo); ** 3\u00ba grau &#8211; professor ,\u00faltimo exame( taxa diferenciada) e do 4\u00ba ao 6\u00ba&nbsp; sob taxa especial, assim como gradua\u00e7\u00e3o superior( Mestres );&nbsp; Consultar;&nbsp; *** &#8211; <\/span>diploma&nbsp; n\u00e3o&nbsp; outorgado pela F.M.J-J.<\/h4>\n<h3><span style=\"color: #ff0000;\">C<strong>onsidera\u00e7\u00f5es:&nbsp; &nbsp; &nbsp; &nbsp; &nbsp; &nbsp; &nbsp; &nbsp; &nbsp; &nbsp; &nbsp; &nbsp; &nbsp; &nbsp; &nbsp; &nbsp;<\/strong><\/span><strong>1)-A Federa\u00e7\u00e3o Mineira de Jiu-Jitsu (F.M.J-J) somente&nbsp; reconhece&nbsp; diploma de faixa preta lisa ou graduado, domiciliado no Estado de Minas Gerais, se outorgado por entidade&nbsp; conhecida e reconhecida como oficializada.2)- Por seguran\u00e7a maior, o&nbsp; diploma de entidade cong\u00eanere&nbsp; apresentado a F.M.J-J&nbsp; para registro dever\u00e1 estar acompanhado do curr\u00edculo esportivo&nbsp; do portador. Uma&nbsp; verifica\u00e7\u00e3o da&nbsp; car\u00eancia- confirma\u00e7\u00e3o do tempo de pr\u00e1tica no jiu-jitsu, que permitiu&nbsp; sua gradua\u00e7\u00e3o a faixa preta.3)-&nbsp; O tempo de pratica de jiu-jitsu&nbsp; do diplomado faixa preta deve estar compat\u00edvel com o tempo de car\u00eancia&nbsp; m\u00ednima de cinco (5) anos&nbsp; para graduar, assim como a car\u00eancia m\u00ednima para&nbsp; cada&nbsp; grau . Um indicador da seriedade da entidade outorgante do diploma.<span style=\"color: #ff0000;\">4)-&nbsp; Diploma da F.M.J-J , somente poder\u00e1 ser concedido ao registrado que se submeter a Banca Examinadora da F.M.J-J<\/span>5<\/strong><b>) &#8211; Diplomas&nbsp; de faixa preta em diante, outorgados por Professores ou Mestres, individualmente&nbsp; &nbsp; ainda n\u00e3o &nbsp;tem reconhecimento da F.M.J-J.&nbsp; Certificados at\u00e9 a faixa&nbsp; marrom 4\u00ba grau \u00e9 compet\u00eancia da equipe. Dai em diante&nbsp; a responsabilidade continua com a Federa\u00e7\u00e3o. PS. As taxas da Federa\u00e7a\u00f5 va\u00f5 terpequeno aumento neste ano e 2025.&nbsp; &nbsp; &nbsp; &nbsp; &nbsp; &nbsp; &nbsp; &nbsp; &nbsp; &nbsp; &nbsp; &nbsp; &nbsp; &nbsp; &nbsp; &nbsp; &nbsp; &nbsp; &nbsp; &nbsp; &nbsp; &nbsp; &nbsp; &nbsp; &nbsp; &nbsp; &nbsp; &nbsp; &nbsp; &nbsp; &nbsp; &nbsp; &nbsp; &nbsp; &nbsp; &nbsp; &nbsp; &nbsp; &nbsp; &nbsp; &nbsp; &nbsp; &nbsp; &nbsp; &nbsp; &nbsp; &nbsp; &nbsp; &nbsp; &nbsp; &nbsp; &nbsp; &nbsp; &nbsp; &nbsp; &nbsp; &nbsp; &nbsp; &nbsp; &nbsp; &nbsp; &nbsp; &nbsp; &nbsp; &nbsp; &nbsp; &nbsp; &nbsp; &nbsp; &nbsp; &nbsp; &nbsp;IMPORTAMTE &#8211;&nbsp; &nbsp; Embora a Federa\u00e7a\u00f5 seja entidade esportiva de&nbsp; utilidade p\u00fablica&nbsp; municipal e estadual at\u00e9 o presente ela ainda&nbsp; n\u00e3o n\u00e3o recebeu nenhum apoio financeiro p\u00fablico.&nbsp; A Federa\u00e7a\u00f5&nbsp; continua aguardando que lhes confirsmem este&nbsp; direito.&nbsp; &nbsp; Quando ela receber&nbsp; esta&nbsp; doa\u00e7ao financeira, venha ela de qualquer poder, todas as taxas da Federa\u00e7a\u00f5&nbsp; va\u00f5 diminuir de valor, em beneficio das equipes e seus&nbsp; atletas competidores. Entetanto ,esta demorando bastante!&nbsp;<\/b><\/h3>\n<p>&nbsp;<\/p>\n<\/div>\n<h3 style=\"text-align: center;\"><span style=\"color: #0000ff;\">CARTEIRA SOCIAL PARA TERCEIROS<\/span><\/h3>\n<div class=\"entry-content clearfix\">\n<ul>\n<li>\n<h4><strong><em>Carteira Social para Terceiros ( n\u00e3o praticantes )&nbsp; ser\u00e1&nbsp; &nbsp;criada e para quem&nbsp; possa e deseje contribuir com a F.M.J-J. R$50.00 mensal .Tem validade at\u00e9&nbsp; Dezembro de cada ano . O nome do&nbsp; portador da credencial social&nbsp; ficara constante na rela\u00e7\u00e3o dos benfeitores ( se permitir), Se houver cobran\u00e7a de&nbsp; ingresso em evento da Federa\u00e7\u00e3o o credenciado&nbsp; pagara somentye&nbsp; &nbsp;50% do valor.&nbsp; Basta ao&nbsp; interessado&nbsp; enviar foto 3&#215;4 , copia da sua identidade , sua cidade, a equipe da sua preferencia, e sua&nbsp; credencial ser\u00e1 confeccionada .<\/em><\/strong><\/h4>\n<\/li>\n<li>TODA AQUELE QUE JA PRATICOU JIU-JITSU E NA\u00d5 MAIS&nbsp; PRATIQUE PODERA PARTICIPAR DA RELA\u00c7A\u00d5&nbsp; &#8221; OS EX JIU-JITSU EM DESCANSO:<\/li>\n<li>&nbsp;<\/li>\n<li>&nbsp;<\/li>\n<\/ul>\n<\/div>\n<p>&nbsp;<\/p>\n<div class=\"entry-content clearfix\">\n<h4><span style=\"color: #ff0000;\"><em style=\"color: #333333;\"><strong>&nbsp;*<\/strong><\/em>&nbsp; O&nbsp; tempo m\u00ednimo de pr\u00e1tica de jiu-jitsu&nbsp; para pleitear a faixa preta \u00e9 de cinco(5) anos, pratica da&nbsp; faixa branca a marrom 4\u00ba grau . Dai a import\u00e2ncia&nbsp; do curr\u00edculo esportivo&nbsp; do aspirante a faixa preta,&nbsp;<\/span><\/h4>\n<h4><span style=\"color: #ff0000;\"><strong><em>&nbsp;F.M.J-J. RESERVA &nbsp;O &nbsp;DIREITO DE RECUSAR&nbsp; O&nbsp; QUE POSSA <\/em><\/strong><\/span><strong style=\"color: #ff0000;\"><em>&nbsp;COLIDIR C<\/em><em>OM SEU&nbsp; REGULAMENTO&nbsp; <\/em><\/strong><strong style=\"color: #ff0000;\"><em>E&nbsp;&nbsp; SEU REGIMENTO&nbsp; INTERNO .<\/em><\/strong><\/h4>\n<h4 style=\"text-align: center;\"><strong>Consulte sempre&nbsp; a Federa\u00e7\u00e3o F.M.J-J<\/strong><\/h4>\n<h4 style=\"text-align: center;\"><span style=\"color: #ff0000;\">&nbsp;31.3224 8979 ,&nbsp; whatzapp&nbsp; 31.<em style=\"font-weight: bold;\"> 983859592<br \/>\n<\/em>&nbsp;e-mail&nbsp;&nbsp;oficial: fmjitsu@terra.com.<\/span><\/h4>\n<\/div>\n","protected":false},"excerpt":{"rendered":"<div class=\"mh-excerpt\"><p>\u2013 Taxas Federa\u00e7\u00e3o ( F.M.J-J) 2023 &nbsp; FEDERA\u00c7\u00c3O MINEIRA DE JIU-JITSU &nbsp;(&nbsp;F.M.J-J.) Entidade&nbsp; Regional de Administra\u00e7\u00e3o de Desporto. Reconhecida pelo Minist\u00e9rio da Educa\u00e7\u00e3o e Cultura( <a class=\"mh-excerpt-more\" href=\"https:\/\/jiujitsuminas.com.br\/01\/taxas-da-federacao-f-m-j-j\" title=\"TAXAS DA FEDERA\u00c7\u00c3O ( F.M.J-J)\">[&#8230;]<\/a><\/p>\n<\/div>","protected":false},"author":1,"featured_media":0,"parent":0,"menu_order":0,"comment_status":"closed","ping_status":"closed","template":"template-full.php","meta":{"ngg_post_thumbnail":0,"footnotes":""},"class_list":["post-12907","page","type-page","status-publish","hentry"],"_links":{"self":[{"href":"https:\/\/jiujitsuminas.com.br\/01\/wp-json\/wp\/v2\/pages\/12907","targetHints":{"allow":["GET"]}}],"collection":[{"href":"https:\/\/jiujitsuminas.com.br\/01\/wp-json\/wp\/v2\/pages"}],"about":[{"href":"https:\/\/jiujitsuminas.com.br\/01\/wp-json\/wp\/v2\/types\/page"}],"author":[{"embeddable":true,"href":"https:\/\/jiujitsuminas.com.br\/01\/wp-json\/wp\/v2\/users\/1"}],"replies":[{"embeddable":true,"href":"https:\/\/jiujitsuminas.com.br\/01\/wp-json\/wp\/v2\/comments?post=12907"}],"version-history":[{"count":60,"href":"https:\/\/jiujitsuminas.com.br\/01\/wp-json\/wp\/v2\/pages\/12907\/revisions"}],"predecessor-version":[{"id":23267,"href":"https:\/\/jiujitsuminas.com.br\/01\/wp-json\/wp\/v2\/pages\/12907\/revisions\/23267"}],"wp:attachment":[{"href":"https:\/\/jiujitsuminas.com.br\/01\/wp-json\/wp\/v2\/media?parent=12907"}],"curies":[{"name":"wp","href":"https:\/\/api.w.org\/{rel}","templated":true}]}}

TAXAS DA FEDERAÇÃO ( F.M.J-J)

<header class="entry-header">
<h1 class="entry-title page-title">– Taxas Federação ( F.M.J-J) 2023</h1>
</header>
<div class="entry-content clearfix">
<p><img loading="lazy" decoding="async" class=" wp-image-105 alignleft" src="https://jiujitsuminas.com.br/01/wp-content/uploads/2017/10/icon.jpg" alt="" width="124" height="78"></p>
<h5>&nbsp;</h5>
<h3><strong><span style="color: #0000ff;">FEDERAÇÃO MINEIRA DE JIU-JITSU &nbsp;(&nbsp;</span><em><span style="color: #0000ff;">F.M.J-J.)</span></em></strong></h3>
<h5 style="text-align: left;">Entidade&nbsp; Regional de Administração de Desporto. Reconhecida pelo Ministério da Educação e Cultura( MEC) e CND em 1976. Registros: Secretarias de Estado de Esportes, de Infraestrutura e Mobilidade (SEINFRA), de Ação Social(SEDESE), e&nbsp; Municipal de Esporte e Lazer de&nbsp; Belo Horizonte. <strong>Utilidade&nbsp;</strong>Pública Estadual sob Lei nº&nbsp; 24276/2023.</h5>
</div>
<p>&nbsp;</p>
<div class="entry-content clearfix">
<h2 style="text-align: center;"><a href="https://jiujitsuminas.com.br/01/taxas-da-federacao-f-m-j-j/taxas-da-fmjj-2025" target="_blank" rel="attachment noopener wp-att-23265">TAXAS DA FMJJ 2025</a></h2>
<p style="text-align: center;"><span style="color: #ff0000;">CLIQUE ACIMA !</span></p>
</div>
<p>&nbsp;</p>
<p>&nbsp;</p>
<p>&nbsp;</p>
<div class="entry-content clearfix">
<h4 style="text-align: left;"><span style="color: #ff0000;">Asteriscos: * (ver abaixo); ** 3º grau &#8211; professor ,último exame( taxa diferenciada) e do 4º ao 6º&nbsp; sob taxa especial, assim como graduação superior( Mestres );&nbsp; Consultar;&nbsp; *** &#8211; </span>diploma&nbsp; não&nbsp; outorgado pela F.M.J-J.</h4>
<h3><span style="color: #ff0000;">C<strong>onsiderações:&nbsp; &nbsp; &nbsp; &nbsp; &nbsp; &nbsp; &nbsp; &nbsp; &nbsp; &nbsp; &nbsp; &nbsp; &nbsp; &nbsp; &nbsp; &nbsp;</strong></span><strong>1)-A Federação Mineira de Jiu-Jitsu (F.M.J-J) somente&nbsp; reconhece&nbsp; diploma de faixa preta lisa ou graduado, domiciliado no Estado de Minas Gerais, se outorgado por entidade&nbsp; conhecida e reconhecida como oficializada.2)- Por segurança maior, o&nbsp; diploma de entidade congênere&nbsp; apresentado a F.M.J-J&nbsp; para registro deverá estar acompanhado do currículo esportivo&nbsp; do portador. Uma&nbsp; verificação da&nbsp; carência- confirmação do tempo de prática no jiu-jitsu, que permitiu&nbsp; sua graduação a faixa preta.3)-&nbsp; O tempo de pratica de jiu-jitsu&nbsp; do diplomado faixa preta deve estar compatível com o tempo de carência&nbsp; mínima de cinco (5) anos&nbsp; para graduar, assim como a carência mínima para&nbsp; cada&nbsp; grau . Um indicador da seriedade da entidade outorgante do diploma.<span style="color: #ff0000;">4)-&nbsp; Diploma da F.M.J-J , somente poderá ser concedido ao registrado que se submeter a Banca Examinadora da F.M.J-J</span>5</strong><b>) &#8211; Diplomas&nbsp; de faixa preta em diante, outorgados por Professores ou Mestres, individualmente&nbsp; &nbsp; ainda não &nbsp;tem reconhecimento da F.M.J-J.&nbsp; Certificados até a faixa&nbsp; marrom 4º grau é competência da equipe. Dai em diante&nbsp; a responsabilidade continua com a Federação. PS. As taxas da Federaçaõ vaõ terpequeno aumento neste ano e 2025.&nbsp; &nbsp; &nbsp; &nbsp; &nbsp; &nbsp; &nbsp; &nbsp; &nbsp; &nbsp; &nbsp; &nbsp; &nbsp; &nbsp; &nbsp; &nbsp; &nbsp; &nbsp; &nbsp; &nbsp; &nbsp; &nbsp; &nbsp; &nbsp; &nbsp; &nbsp; &nbsp; &nbsp; &nbsp; &nbsp; &nbsp; &nbsp; &nbsp; &nbsp; &nbsp; &nbsp; &nbsp; &nbsp; &nbsp; &nbsp; &nbsp; &nbsp; &nbsp; &nbsp; &nbsp; &nbsp; &nbsp; &nbsp; &nbsp; &nbsp; &nbsp; &nbsp; &nbsp; &nbsp; &nbsp; &nbsp; &nbsp; &nbsp; &nbsp; &nbsp; &nbsp; &nbsp; &nbsp; &nbsp; &nbsp; &nbsp; &nbsp; &nbsp; &nbsp; &nbsp; &nbsp; &nbsp;IMPORTAMTE &#8211;&nbsp; &nbsp; Embora a Federaçaõ seja entidade esportiva de&nbsp; utilidade pública&nbsp; municipal e estadual até o presente ela ainda&nbsp; não não recebeu nenhum apoio financeiro público.&nbsp; A Federaçaõ&nbsp; continua aguardando que lhes confirsmem este&nbsp; direito.&nbsp; &nbsp; Quando ela receber&nbsp; esta&nbsp; doaçao financeira, venha ela de qualquer poder, todas as taxas da Federaçaõ&nbsp; vaõ diminuir de valor, em beneficio das equipes e seus&nbsp; atletas competidores. Entetanto ,esta demorando bastante!&nbsp;</b></h3>
<p>&nbsp;</p>
</div>
<h3 style="text-align: center;"><span style="color: #0000ff;">CARTEIRA SOCIAL PARA TERCEIROS</span></h3>
<div class="entry-content clearfix">
<ul>
<li>
<h4><strong><em>Carteira Social para Terceiros ( não praticantes )&nbsp; será&nbsp; &nbsp;criada e para quem&nbsp; possa e deseje contribuir com a F.M.J-J. R$50.00 mensal .Tem validade até&nbsp; Dezembro de cada ano . O nome do&nbsp; portador da credencial social&nbsp; ficara constante na relação dos benfeitores ( se permitir), Se houver cobrança de&nbsp; ingresso em evento da Federação o credenciado&nbsp; pagara somentye&nbsp; &nbsp;50% do valor.&nbsp; Basta ao&nbsp; interessado&nbsp; enviar foto 3&#215;4 , copia da sua identidade , sua cidade, a equipe da sua preferencia, e sua&nbsp; credencial será confeccionada .</em></strong></h4>
</li>
<li>TODA AQUELE QUE JA PRATICOU JIU-JITSU E NAÕ MAIS&nbsp; PRATIQUE PODERA PARTICIPAR DA RELAÇAÕ&nbsp; &#8221; OS EX JIU-JITSU EM DESCANSO:</li>
<li>&nbsp;</li>
<li>&nbsp;</li>
</ul>
</div>
<p>&nbsp;</p>
<div class="entry-content clearfix">
<h4><span style="color: #ff0000;"><em style="color: #333333;"><strong>&nbsp;*</strong></em>&nbsp; O&nbsp; tempo mínimo de prática de jiu-jitsu&nbsp; para pleitear a faixa preta é de cinco(5) anos, pratica da&nbsp; faixa branca a marrom 4º grau . Dai a importância&nbsp; do currículo esportivo&nbsp; do aspirante a faixa preta,&nbsp;</span></h4>
<h4><span style="color: #ff0000;"><strong><em>&nbsp;F.M.J-J. RESERVA &nbsp;O &nbsp;DIREITO DE RECUSAR&nbsp; O&nbsp; QUE POSSA </em></strong></span><strong style="color: #ff0000;"><em>&nbsp;COLIDIR C</em><em>OM SEU&nbsp; REGULAMENTO&nbsp; </em></strong><strong style="color: #ff0000;"><em>E&nbsp;&nbsp; SEU REGIMENTO&nbsp; INTERNO .</em></strong></h4>
<h4 style="text-align: center;"><strong>Consulte sempre&nbsp; a Federação F.M.J-J</strong></h4>
<h4 style="text-align: center;"><span style="color: #ff0000;">&nbsp;31.3224 8979 ,&nbsp; whatzapp&nbsp; 31.<em style="font-weight: bold;"> 983859592<br />
</em>&nbsp;e-mail&nbsp;&nbsp;oficial: fmjitsu@terra.com.</span></h4>
</div>

<div class="mh-excerpt"><p>– Taxas Federação ( F.M.J-J) 2023 &nbsp; FEDERAÇÃO MINEIRA DE JIU-JITSU &nbsp;(&nbsp;F.M.J-J.) Entidade&nbsp; Regional de Administração de Desporto. Reconhecida pelo Ministério da Educação e Cultura( <a class="mh-excerpt-more" href="https://jiujitsuminas.com.br/01/taxas-da-federacao-f-m-j-j" title="TAXAS DA FEDERAÇÃO ( F.M.J-J)">[&#8230;]</a></p>
</div>
